-29 + 27 + -2 + 1 + 7?
4
What is the value of 8 + 21 + -16 + 1 + -10?
4
What is -5 + 7 + -12 + 4?
-6
Evaluate -10 + 16 + -8 + 1.
-1
What is the value of 1 + 0 + (-6 - 0 - -6)?
1
What is the value of -3 + (-6 - (-8 + -4)) + -4?
-1
What is the value of -5 - (-1 + -2) - (0 - -2)?
-4
Evaluate 20 + -15 + (-1 - 5).
-1
Evaluate 3 + -3 + (-4 + 4 - -2).
2
Evaluate (-3 + 8 - 8) + 4 + -1.
0
What is -12 - ((-12 - -8) + -2)?
-6
Evaluate 11 - 7 - 4 - (2 - 0).
-2
Evaluate -16 + 14 + -3 + 1.
-4
What is the value of -5 - (7 + (-2 - 6 - 3))?
-1
What is the value of (2 - 3) + (-8 - -7)?
-2
1 + (5 - (5 + -1 - 1))
3
Calculate 0 + 2 - (5 + (2 - 5)).
0
Evaluate -4 - -3 - 0 - (4 - 0).
-5
Calculate -13 + (-8 - -14) + -6 + 7.
-6
(-2 - (-1 + -1)) + 1 - -4
5
What is (8 - -1) + -7 + 5 + -4?
3
-4 - (-19 - -11) - (2 - 2)
4
Evaluate 4 + -3 - (8 + (-8 - 1)).
2
Evaluate 5 - -4 - (-8 + 15).
2
Evaluate 6 + (-2 - 3) + 4.
5
What is (7 - 6) + -3 + 0?
-2
What is the value of -3 - -1 - 2 - 0 - -8?
4
What is the value of 5 - (6 + -11 + 9)?
1
Calculate -10 + 4 + 2 + -2 + 1.
-5
4 + 1 + -6 - 3
-4
7 + -1 + -3 + -5 + 8
6
What is the value of 6 + -1 - (7 + 12 + -18)?
4
Evaluate 6 - ((-2 - -1) + 14 + -3).
-4
What is the value of -3 - (0 - 2 - (-2 - -1))?
-2
Evaluate (-26 - -21) + -3 + 13.
5
Evaluate 6 - (6 + -3 + (0 - 0)).
3
What is -8 + (-12 - -5 - -18 - -1)?
4
What is the value of (-1 - -2) + -3 + 2?
0
What is 2 - -5 - (-110 - -125)?
-8
(-3 - (-1 + -3)) + -1
0
What is 0 + -5 + 3 - (5 - 4)?
-3
Calculate (-5 - -6) + -2 + 1 - -3.
3
What is -5 - (8 + -9) - (-9 + 1)?
4
Evaluate (8 + -3 - 3 - 1) + 5.
6
Evaluate 4 - (-8 - -5 - -6).
1
Calculate 0 + (-2 - (2 + (3 - 5))).
-2
3 + -4 - -6 - (-2 + 4)
3
Evaluate -5 - (4 + (2 + 3 - 10)).
-4
What is the value of -5 + (-5 - (-1 + 8 - 19))?
2
Evaluate -3 - (-1 + 1) - (28 - 26).
-5
Calculate (-1 - -4) + -10 + 2.
-5
Calculate -2 + (14 + -10 - (2 - 1)).
1
3 + -7 + 1 + 2 + 0
-1
Calculate 3 + (-7 - -11) + -3 + 5.
9
(-7 - 0) + -3 + 16
6
Evaluate 7 + (4 + -8 - -2) - 10.
-5
Calculate 11 + -10 + 4 + -1.
4
3 - 9 - -6 - -2
2
What is the value of 2 + (-1 - -1) + -1 + 0?
1
What is 1 + 2 - (5 + -5) - 1?
2
-3 + 6 + 4 - 3
4
Calculate (1 + 3 - -1) + 5.
10
Calculate 2 - -3 - (9 + -3).
-1
0 - (3 - (-1 + 3)) - -2
1
Evaluate -4 + 14 + -6 + 9 - 6.
7
Calculate (4 + 5 - 20) + 2.
-9
What is 0 + 0 + (-33 - -30)?
-3
(-3 - -5) + -3 + 1 + 4
4
Calculate -62 - -54 - (0 - -2).
-10
What is 1 + 1 + -12 + 9 - 5?
-6
(-14 - -3) + -6 + 12
-5
What is the value of -8 + (-9 - -8 - (-2 + -2))?
-5
Calculate (0 - 9) + (14 - 15) + 4.
-6
What is the value of -1 + (1 - (-4 + 2))?
2
What is the value of 1 - -1 - (-12 - -8 - -1)?
5
What is the value of -3 - (3 - (4 + -2))?
-4
-6 + (-3 - -9) - -2
2
What is the value of 13 - 16 - 0 - (2 + -3)?
-2
What is the value of 0 + 12 + -10 + 5?
7
Evaluate -10 - (-9 - (-1 + -7) - -1).
-10
(-3 - -4) + -4 - -7
4
What is 2 + 1 - 2 - 7 - -1?
-5
Evaluate -4 + 12 + -4 + 1 - -1.
6
What is 10 - -2 - (-10 - -21)?
1
What is the value of -2 - (-2 - 3 - 0)?
3
What is the value of 1 + (1 - -2 - (0 + 1))?
3
-7 + -4 + (2 - -6) + 7
4
Calculate (9 - 6) + -4 + (0 - 1).
-2
What is the value of 0 - (3 + (3 - 9 - 3))?
6
(-12 - -9) + (-1 - -7)
3
What is the value of 12 + -8 + (-3 - 1)?
0
Calculate 9 + -2 + -2 + 1.
6
-4 - -3 - ((1 - 0) + -4)
2
What is 18 + -7 + -2 + -8?
1
What is -2 + -4 + 3 - -7?
4
Calculate -9 + 15 - (3 - -1) - -4.
6
(5 - 6) + (4 - 0)
3
What is the value of (-2 - -11 - 4) + -3?
2
What is the value of -1 + (-4 + 3 - -7 - 12)?
-7
Calculate 1 + 3 + -4 + -2.
-2
What is 0 - ((-1 - 7) + -6 + 15)?
-1
Evaluate (3 + -10 + 6 - -5) + -1.
3
What is (14 - (13 + -4)) + -7?
-2
Calculate -103 - -101 - (-1 - -4).
-5
Calculate -3 + -6 + 7 - -4.
2
6 + 1 + -10 + -4 + 16
9
6 + (9 - 4) + -10
1
Calculate -6 + 6 + -7 + -3 + 1.
-9
What is the value of (-4 - 1) + (10 - (-1 + 0))?
6
What is 7 - 12 - (-1 + 6 + -20)?
10
What is 1 - (4 + (-1 - (-3 - 0)))?
-5
What is 2 + -6 + -2 + 2 + 1?
-3
Evaluate 0 + 1 + (-1 - 0) + 3.
3
Calculate -2 + 0 + 1 + (-5 - -2).
-4
Calculate -8 - (-2 - (2 - 1)).
-5
What is the value of 0 - (-1 - 1 - -2)?
0
Calculate (-1 - (4 + -11 - -2)) + -4.
0
What is (-12 - 9) + 11 - -20?
10
What is the value of -5 - (1 - (-1 + 4))?
-3
What is (0 - -1) + -9 + 24 + -11?
5
What is the value of 2 - 0 - (-37 - -35)?
4
What is the value of (19 + -15 - 3) + -1 + 0?
0
What is the value of 1 - 0 - (-1 - (0 - 4))?
-2
What is the value of 14 - (-9 + 14) - 19?
-10
What is the value of -2 - ((0 - 3) + 2 + -6)?
5
What is the value of -4 + (6 - 0) - 1?
1
Evaluate 4 - (-4 - (-9 + 4)).
3
Evaluate 2 - (-3 + 8 + -10).
7
(-12 - (11 + -36)) + -13
0
(6 - -1) + 6 + -14
-1
Calculate 4 - (-7 - -8) - 1.
2
Evaluate -161 + 168 + 1 + -13.
-5
12 + -14 + 7 + 0
5
-2 + (6 + -10 - -13)
7
Evaluate -17 - -16 - (-4 - (-2 + 0)).
1
Evaluate -7 + -3 - (-6 + 1).
-5
Evaluate 2 + 9 + -9 + -6.
-4
What is the value of -4 + 5 + -5 - -3?
-1
Evaluate 1 + 5 + 3 + -8.
1
(-2 - 2) + (9 - 0)
5
What is (-3 - 2) + 1 + 2 + -2?
-4
What is 0 + 0 + 7 + -20 + 10?
-3
-5 + (-1 + 3 - (4 - 3))
-4
Evaluate (3 - 3) + 0 + 2.
2
3 - 2 - (-1 - (-2 - -4))
4
-18 + 12 + 10 + 0
4
Evaluate 0 + 0 + 1 + (1 - 4).
-2
Calculate -1 + 5 + (9 - 5 - 3).
5
-8 + 3 - -4 - -4
3
Evaluate -10 + 10 + (-3 - -2) + -5.
-6
What is (3 - 3) + 2 + -5 + 1?
-2
0 - ((9 - -4) + -9)
-4
What is the value of -4 - (-4 - (-2 - 6) - 14)?
6
4 + (5 - (-5 + 15) - -2)
1
What is (1 - (-3 + -1)) + -1 + -3?
1
3 + (7 - (2 + 2 - 2))
8
Evaluate 1 - ((7 - 3) + -2).
-1
What is 2 + 1 + -5 + -18 + 17?
-3
Calculate (-17 - -30) + -14 - (-2 + 0).
1
Evaluate (-2 - 3) + 1 + 4 + -2.
-2
Calculate 17 + -16 + (1 - -1) + -8.
-5
-5 + 6 + 5 + -9
-3
Evaluate -4 - ((2 - (-2 - 4)) + -9).
-3
-4 + 10 + -9 - (4 - 3)
-4
9 - (0 + (1 - 1)) - 2
7
What is 7 + (0 - (-5 + 11))?
1
What is (11 + -7 - (-1 - -6)) + -3?
-4
4 + (1 - (-1 - -6))
0
Calculate 0 - (1 - -5 - -1).
-7
-1 + (-1 - (0 + (-8 - -2)))
4
Evaluate 5 - 1 - (-10 - -6 - -5).
3
17 + (0 - 4) + 2 + -4
11
What is (-1 - 1) + (8 - 5) + -5?
-4
-1 - (1 + 2) - -2
-2
Evaluate -1 + 9 + (-2 - (1 - -1)).
4
Calculate -68 + 76 + (-2 + 2 - 3).
5
3 - (-1 - -8) - (1 - 2)
-3
What is the value of (-5 - -2) + (-2 - (-6 - 0))?
1
What is the value of -8 + 7 + -1 + -3?
-5
Calculate (11 + -18 - -6) + 4 + -4.
-1
Calculate -6 - (8 + -7) - -4.
-3
Evaluate -4 - (-2 + (3 + -3 - 0)).
-2
Calculate (-20 - -11) + (5 - (-6 + 8)).
-6
Calculate (3 - ((2 - 1) + 2)) + 2.
2
20 - 10 - 1 - 10
-1
Calculate 5 + (6 + -7 - 3 - -9).
10
What is the value of -4 - ((-6 - -2) + 5)?
-5
What is the value of -2 + 1 - 1 - (-5 - -6)?
-3
What is -2 - (-4 + -4 - -4)?
2
What is the value of 2 - (7 + (-3 - -1))?
-3
What is 9 - (11 - (-7 + 2))?
-7
Evaluate 6 + (55 - 70) + 0 + 3.
-6
What is the value of 3 + (-10 - 6) + 6 + 1?
-6
What is 5 - ((2 - (-2 + 4)) + 2)?
3
Evaluate 2 - -2 - (-2 - -1).
5
What is 4 - (-11 + 6 - -5 - -6)?
-2
-1 + -2 + 5 + -7
-5
Calculate 1 + (2 - -3 - 4).
2
-2 - (6 + -9 + (-1 - -3))
-1
What is -12 + 1 - (-1 - 9)?
-1
What is (1 - 2) + 2 - (2 + -1)?
0
8 + 0 + 9 + -14
3
1 + (1 - 0) + -4
-2
What is -1 + (0 - -4) - (-3 + 3)?
3
Calculate 8 + 2 - (40 - 25).
-5
What is (-20 - -29) + -11 + 3?
1
Calculate -2 + 5 + -3 + (2 - 0).
2
What is -18 - (6 - 15) - -3?
-6
What is the value of 8 + (-3 - 2) + 2 + 5?
10
(10 - 8) + 3 + 3
8
Evaluate -1 - (-15 - -2 - -5).
7
What is the value of -44 + 41 - (-3 - 0)?
0
Calculate 0 - -2 - (5 + -5) - 2.
0
Calculate (0 - -3) + -1 - 7.
-5
Calculate (2 - 4 - -6) + 0.
4
What is (11 + -2 + 0 - 4) + -11?
-6
Evaluate -1 - -1 - (0 - 0) - 0.
0
Calculate -4 - -3 - (2 - (4 - -1)).
2
(11 - 6) + (-3 - (-4 - -5))
1
Evaluate -8 + 2 + 4 + 0.
-2
5 + (-28 - (-12 + -2))
-9
What is the value of -3 + 10 - (-4 - -10 - 7)?
8
Calculate 3 + 2 + -11 - -1.
-5
Calculate -5 + (-3 - (4 - 12)).
0
What is -6 - ((2 - 6) + 0 + -1)?
-1
What is -13 - -19 - (0 + 4)?
2
Evaluate 4 - (8 + 5 + -7).
-2
Calculate (8 - -1) + (23 - 27).
5
What is the value of -1 - (-3 + 6 + -7)?
3
3 + -3 - (-3 - -1)
2
0 - -1 - (-2 - 1)
4
Evaluate 4 + -6 + 2 + 2.
2
What is the value of 2 - -4 - (7 - 1)?
0
What is the value of (5 - -1) + -10 + 4 + 4?
4
What is the value of (1 - 0) + (1 - 7) - 0?
-5
What is -5 + -1 + -5 + (6 - -2)?
-3
0 + 1 - (101 - 93)
-7
Calculate -4 + 2 - (8 + -13 + 7).
-4
What is -8 - -6 - (3 - 3)?
-2
Calculate 11 - (-11 + -2 - -1